factors of 1835.
5, 367
What are the prime factors of 12067?
11, 1097
What are the prime factors of 9601?
9601
List the prime factors of 808.
2, 101
List the prime factors of 10101.
3, 7, 13, 37
List the prime factors of 26563.
101, 263
List the prime factors of 2529.
3, 281
What are the prime factors of 16361?
16361
What are the prime factors of 4447?
4447
What are the prime factors of 2105?
5, 421
List the prime factors of 70711.
31, 2281
What are the prime factors of 2860?
2, 5, 11, 13
List the prime factors of 29730.
2, 3, 5, 991
List the prime factors of 48474.
2, 3, 2693
List the prime factors of 126776.
2, 13, 23, 53
What are the prime factors of 17023?
29, 587
List the prime factors of 1522.
2, 761
List the prime factors of 54522.
2, 3, 13, 233
List the prime factors of 18096.
2, 3, 13, 29
What are the prime factors of 5110?
2, 5, 7, 73
List the prime factors of 13557.
3, 4519
What are the prime factors of 1317?
3, 439
What are the prime factors of 75?
3, 5
What are the prime factors of 5147?
5147
What are the prime factors of 74561?
74561
What are the prime factors of 25095?
3, 5, 7, 239
List the prime factors of 4591.
4591
List the prime factors of 38503.
139, 277
List the prime factors of 75310.
2, 5, 17, 443
List the prime factors of 13793.
13, 1061
What are the prime factors of 559?
13, 43
What are the prime factors of 24402?
2, 3, 7, 83
List the prime factors of 97862.
2, 167, 293
List the prime factors of 22158.
2, 3, 1231
List the prime factors of 4936.
2, 617
List the prime factors of 2296.
2, 7, 41
List the prime factors of 177.
3, 59
List the prime factors of 364.
2, 7, 13
What are the prime factors of 3239?
41, 79
List the prime factors of 4016.
2, 251
What are the prime factors of 1388?
2, 347
What are the prime factors of 15373?
15373
List the prime factors of 1588.
2, 397
List the prime factors of 191549.
31, 37, 167
What are the prime factors of 9995?
5, 1999
List the prime factors of 473.
11, 43
What are the prime factors of 1223?
1223
What are the prime factors of 101305?
5, 20261
What are the prime factors of 10487?
10487
List the prime factors of 1253.
7, 179
List the prime factors of 42077.
7, 6011
What are the prime factors of 127637?
127637
List the prime factors of 524.
2, 131
What are the prime factors of 1167?
3, 389
What are the prime factors of 400?
2, 5
What are the prime factors of 1971?
3, 73
What are the prime factors of 64813?
7, 47, 197
List the prime factors of 57043.
7, 29, 281
List the prime factors of 28900.
2, 5, 17
List the prime factors of 1230.
2, 3, 5, 41
List the prime factors of 85912.
2, 10739
List the prime factors of 94.
2, 47
List the prime factors of 139908.
2, 3, 89, 131
List the prime factors of 5816.
2, 727
List the prime factors of 43.
43
List the prime factors of 418.
2, 11, 19
List the prime factors of 25169.
25169
List the prime factors of 10122.
2, 3, 7, 241
What are the prime factors of 10451?
7, 1493
What are the prime factors of 1386?
2, 3, 7, 11
List the prime factors of 2947.
7, 421
List the prime factors of 1186.
2, 593
What are the prime factors of 66388?
2, 7, 2371
What are the prime factors of 1077?
3, 359
What are the prime factors of 1280?
2, 5
List the prime factors of 19799.
13, 1523
What are the prime factors of 121504?
2, 3797
List the prime factors of 13484.
2, 3371
List the prime factors of 15781.
43, 367
List the prime factors of 4725.
3, 5, 7
What are the prime factors of 3616?
2, 113
What are the prime factors of 31608?
2, 3, 439
List the prime factors of 1940.
2, 5, 97
List the prime factors of 83.
83
List the prime factors of 16727.
43, 389
What are the prime factors of 22629?
3, 19, 397
What are the prime factors of 11238?
2, 3, 1873
What are the prime factors of 2596?
2, 11, 59
List the prime factors of 76.
2, 19
List the prime factors of 3420.
2, 3, 5, 19
List the prime factors of 23387.
7, 13, 257
List the prime factors of 820.
2, 5, 41
What are the prime factors of 1764?
2, 3, 7
What are the prime factors of 2503?
2503
List the prime factors of 10450.
2, 5, 11, 19
What are the prime factors of 4010?
2, 5, 401
What are the prime factors of 292?
2, 73
What are the prime factors of 39723?
3, 13241
List the prime factors of 16521.
3, 5507
What are the prime factors of 661?
661
List the prime factors of 9713.
11, 883
List the prime factors of 2179.
2179
List the prime factors of 1697.
1697
What are the prime factors of 6514?
2, 3257
List the prime factors of 1206.
2, 3, 67
List the prime factors of 775.
5, 31
What are the prime factors of 6919?
11, 17, 37
What are the prime factors of 1772?
2, 443
What are the prime factors of 9697?
9697
List the prime factors of 37776.
2, 3, 787
What are the prime factors of 5869?
5869
List the prime factors of 69976.
2, 8747
List the prime factors of 591.
3, 197
What are the prime factors of 761?
761
List the prime factors of 4018.
2, 7, 41
List the prime factors of 59.
59
List the prime factors of 4623.
3, 23, 67
What are the prime factors of 964?
2, 241
List the prime factors of 1185.
3, 5, 79
List the prime factors of 610.
2, 5, 61
What are the prime factors of 6423?
3, 2141
What are the prime factors of 13298?
2, 61, 109
What are the prime factors of 52499?
47, 1117
List the prime factors of 3384.
2, 3, 47
What are the prime factors of 1145?
5, 229
What are the prime factors of 27353?
17, 1609
List the prime factors of 3631.
3631
What are the prime factors of 38844?
2, 3, 13, 83
List the prime factors of 4625.
5, 37
What are the prime factors of 5246?
2, 43, 61
List the prime factors of 16536.
2, 3, 13, 53
What are the prime factors of 902?
2, 11, 41
What are the prime factors of 3455?
5, 691
List the prime factors of 46831.
46831
What are the prime factors of 38396?
2, 29, 331
What are the prime factors of 116591?
31, 3761
What are the prime factors of 15282?
2, 3, 283
What are the prime factors of 12323?
12323
What are the prime factors of 2931?
3, 977
List the prime factors of 998.
2, 499
List the prime factors of 5902.
2, 13, 227
What are the prime factors of 29273?
73, 401
What are the prime factors of 291?
3, 97
What are the prime factors of 37823?
109, 347
What are the prime factors of 5470?
2, 5, 547
What are the prime factors of 295?
5, 59
What are the prime factors of 48136?
2, 11, 547
What are the prime factors of 270?
2, 3, 5
List the prime factors of 3005.
5, 601
What are the prime factors of 11595?
3, 5, 773
What are the prime factors of 3103?
29, 107
What are the prime factors of 5264?
2, 7, 47
List the prime factors of 58419.
3, 6491
List the prime factors of 7237.
7237
What are the prime factors of 5707?
13, 439
What are the prime factors of 5696?
2, 89
List the prime factors of 854.
2, 7, 61
List the prime factors of 34098.
2, 3, 5683
What are the prime factors of 4141?
41, 101
List the prime factors of 378.
2, 3, 7
What are the prime factors of 1669?
1669
List the prime factors of 4644.
2, 3, 43
What are the prime factors of 166686?
2, 3, 13, 2137
List the prime factors of 1406.
2, 19, 37
List the prime factors of 352.
2, 11
List the prime factors of 235.
5, 47
What are the prime factors of 242?
2, 11
List the prime factors of 6960.
2, 3, 5, 29
What are the prime factors of 652?
2, 163
What are the prime factors of 14105?
5, 7, 13, 31
List the prime factors of 1442.
2, 7, 103
What are the prime factors of 3479?
7, 71
List the prime factors of 3560.
2, 5, 89
List the prime factors of 39.
3, 13
What are the prime factors of 153214?
2, 76607
What are the prime factors of 1137?
3, 379
List the prime factors of 85098.
2, 3, 13, 1091
List the prime factors of 839.
839
What are the prime factors of 1447?
1447
What are the prime factors of 3815?
5, 7, 109
List the prime factors of 3484.
2, 13, 67
List the prime factors of 228.
2, 3, 19
What are the prime factors of 956?
2, 239
List the prime factors of 153619.
149, 1031
List the prime factors of 4599.
3, 7, 73
What are the prime factors of 982?
2, 491
List the prime factors of 1838.
2, 919
List the prime factors of 113292.
2, 3, 1049
List the prime factors of 2222.
2, 11, 101
What are the prime factors of 10382?
2, 29, 179
List the prime factors of 1282.
2, 641
What are the prime factors of 37588?
2, 9397
What are the prime factors of 2616?
2, 3, 109
W